at is the remainder when 28407 is divided by 4126?
3651
What is the remainder when 293698 is divided by 671?
471
What is the remainder when 15780 is divided by 596?
284
Calculate the remainder when 6257503 is divided by 22.
21
Calculate the remainder when 1045303 is divided by 12593.
84
Calculate the remainder when 7791409 is divided by 278264.
17
What is the remainder when 3943546 is divided by 83?
50
What is the remainder when 977812 is divided by 86?
78
Calculate the remainder when 2966318 is divided by 27.
17
What is the remainder when 338964 is divided by 24068?
2012
Calculate the remainder when 1383252 is divided by 914.
370
Calculate the remainder when 51920 is divided by 5165.
270
What is the remainder when 19606358 is divided by 9115?
9108
What is the remainder when 58244447 is divided by 1233?
1226
What is the remainder when 2689431 is divided by 101?
3
What is the remainder when 2821338 is divided by 194?
190
What is the remainder when 372941 is divided by 1636?
1569
What is the remainder when 6844142 is divided by 59514?
32
What is the remainder when 64140 is divided by 81?
69
Calculate the remainder when 216961798 is divided by 4260.
4258
Calculate the remainder when 308194440 is divided by 4599917.
1
Calculate the remainder when 1208407 is divided by 7648.
23
What is the remainder when 71512 is divided by 71500?
12
What is the remainder when 227790105 is divided by 799?
798
What is the remainder when 82257009 is divided by 4330?
4329
Calculate the remainder when 546090 is divided by 490.
230
What is the remainder when 1096055 is divided by 1096053?
2
What is the remainder when 89537 is divided by 1757?
1687
Calculate the remainder when 28683 is divided by 4744.
219
Calculate the remainder when 4275412 is divided by 1239.
862
What is the remainder when 10715060 is divided by 14882?
20
What is the remainder when 1395519 is divided by 1275?
669
What is the remainder when 219075 is divided by 190?
5
What is the remainder when 40622925 is divided by 785?
745
What is the remainder when 4373119 is divided by 8?
7
Calculate the remainder when 385910513 is divided by 74.
69
What is the remainder when 1050104 is divided by 736?
568
What is the remainder when 307556 is divided by 152792?
1972
Calculate the remainder when 263690889 is divided by 120.
9
What is the remainder when 17681222 is divided by 699?
17
Calculate the remainder when 6505291 is divided by 13724.
115
What is the remainder when 103067 is divided by 10303?
37
What is the remainder when 2371973 is divided by 3863?
91
What is the remainder when 850209 is divided by 142?
55
What is the remainder when 1378628 is divided by 459508?
104
Calculate the remainder when 114039 is divided by 4532.
739
What is the remainder when 14834576 is divided by 912?
896
Calculate the remainder when 12541907 is divided by 313.
310
Calculate the remainder when 720438 is divided by 30.
18
Calculate the remainder when 120407 is divided by 4148.
115
What is the remainder when 3586426 is divided by 3586397?
29
What is the remainder when 1107695 is divided by 562?
555
What is the remainder when 405681 is divided by 309?
273
What is the remainder when 43200427 is divided by 8474?
8449
Calculate the remainder when 102560470 is divided by 2436.
2434
What is the remainder when 6030363 is divided by 6030041?
322
Calculate the remainder when 5864796 is divided by 89.
52
What is the remainder when 967723 is divided by 495?
493
What is the remainder when 253925 is divided by 39?
35
Calculate the remainder when 6417 is divided by 628.
137
What is the remainder when 271900 is divided by 725?
25
Calculate the remainder when 51394 is divided by 17131.
1
Calculate the remainder when 977473 is divided by 1420.
513
What is the remainder when 270416 is divided by 30044?
20
Calculate the remainder when 475064 is divided by 13196.
8
Calculate the remainder when 140071 is divided by 137988.
2083
What is the remainder when 1989174 is divided by 9799?
9776
What is the remainder when 34429 is divided by 34064?
365
Calculate the remainder when 222032878 is divided by 18.
16
Calculate the remainder when 5751564 is divided by 1721.
1703
What is the remainder when 212778275 is divided by 172?
171
Calculate the remainder when 103517383 is divided by 22.
13
What is the remainder when 624326 is divided by 90?
86
Calculate the remainder when 1911869 is divided by 2704.
141
Calculate the remainder when 120596 is divided by 4837.
4508
What is the remainder when 953223 is divided by 9827?
4
What is the remainder when 364572 is divided by 115?
22
Calculate the remainder when 27889984 is divided by 26.
18
Calculate the remainder when 49080963 is divided by 7.
1
Calculate the remainder when 296531 is divided by 1145.
1121
Calculate the remainder when 70783 is divided by 919.
20
What is the remainder when 2466323 is divided by 35?
13
What is the remainder when 642129 is divided by 128407?
94
Calculate the remainder when 88303 is divided by 21980.
383
Calculate the remainder when 44727 is divided by 641.
498
Calculate the remainder when 833839 is divided by 12258.
295
Calculate the remainder when 119927 is divided by 23973.
62
Calculate the remainder when 591 is divided by 115.
16
Calculate the remainder when 5336654 is divided by 205255.
24
Calculate the remainder when 63436 is divided by 62801.
635
What is the remainder when 47811 is divided by 313?
235
What is the remainder when 21726851 is divided by 28?
27
Calculate the remainder when 625667 is divided by 3553.
339
Calculate the remainder when 38104 is divided by 184.
16
What is the remainder when 143738 is divided by 71654?
430
Calculate the remainder when 7245388 is divided by 1449077.
3
Calculate the remainder when 7108206 is divided by 40.
6
Calculate the remainder when 198373 is divided by 5810.
833
What is the remainder when 584977 is divided by 584921?
56
What is the remainder when 2039152 is divided by 26?
24
What is the remainder when 81918 is divided by 129?
3
What is the remainder when 10950291 is divided by 531?
9
Calculate the remainder when 6324619 is divided by 1633.
10
What is the remainder when 5216635 is divided by 1685?
1560
Calculate the remainder when 27859 is divided by 1626.
217
Calculate the remainder when 27018 is divided by 2198.
642
What is the remainder when 24020 is divided by 1809?
503
Calculate the remainder when 19898 is divided by 1828.
1618
What is the remainder when 115707666 is divided by 2835?
2811
Calculate the remainder when 551234 is divided by 733.
18
What is the remainder when 3038393 is divided by 5722?
11
What is the remainder when 506355 is divided by 571?
449
Calculate the remainder when 20707153 is divided by 134.
133
What is the remainder when 490645 is divided by 54505?
100
What is the remainder when 4011351 is divided by 2005624?
103
What is the remainder when 26256039 is divided by 5814?
15
Calculate the remainder when 1285 is divided by 116.
9
What is the remainder when 3842978 is divided by 67?
59
Calculate the remainder when 25573368 is divided by 588.
72
What is the remainder when 185548 is divided by 61716?
400
Calculate the remainder when 660891 is divided by 1992.
1539
What is the remainder when 40745 is divided by 18050?
4645
Calculate the remainder when 153645 is divided by 78.
63
Calculate the remainder when 2996656 is divided by 767.
754
What is the remainder when 156571 is divided by 15243?
4141
Calculate the remainder when 2190075 is divided by 1250.
75
What is the remainder when 3894147 is divided by 11290?
10387
What is the remainder when 62319481 is divided by 20773140?
61
What is the remainder when 1138772 is divided by 97?
89
Calculate the remainder when 2834299 is divided by 122.
117
What is the remainder when 1489606 is divided by 9?
7
What is the remainder when 3828611 is divided by 111?
110
What is the remainder when 47516641 is divided by 69?
67
Calculate the remainder when 54294343 is divided by 105.
103
Calculate the remainder when 56672 is divided by 18680.
632
What is the remainder when 50465 is divided by 4565?
250
Calculate the remainder when 42030675 is divided by 306793.
34
What is the remainder when 74395 is divided by 6685?
860
What is the remainder when 307032 is divided by 304385?
2647
Calculate 